501.
7, 643
What are the prime factors of 10314?
2, 3, 191
List the prime factors of 3490.
2, 5, 349
What are the prime factors of 18834?
2, 3, 43, 73
What are the prime factors of 1072?
2, 67
List the prime factors of 3060.
2, 3, 5, 17
List the prime factors of 3652.
2, 11, 83
What are the prime factors of 11671?
11, 1061
List the prime factors of 7420.
2, 5, 7, 53
List the prime factors of 20317.
11, 1847
List the prime factors of 11715.
3, 5, 11, 71
List the prime factors of 6075.
3, 5
List the prime factors of 31125.
3, 5, 83
List the prime factors of 936.
2, 3, 13
List the prime factors of 105215.
5, 11, 1913
List the prime factors of 2379.
3, 13, 61
List the prime factors of 168.
2, 3, 7
What are the prime factors of 26271?
3, 7, 139
What are the prime factors of 853?
853
List the prime factors of 12750.
2, 3, 5, 17
List the prime factors of 79.
79
List the prime factors of 1140.
2, 3, 5, 19
List the prime factors of 26187.
3, 7, 29, 43
List the prime factors of 6500.
2, 5, 13
List the prime factors of 12358.
2, 37, 167
What are the prime factors of 54710?
2, 5, 5471
What are the prime factors of 23918?
2, 11959
List the prime factors of 509.
509
What are the prime factors of 7889?
7, 23
List the prime factors of 2343.
3, 11, 71
List the prime factors of 2989.
7, 61
What are the prime factors of 2263?
31, 73
What are the prime factors of 392?
2, 7
List the prime factors of 1756.
2, 439
What are the prime factors of 1232?
2, 7, 11
What are the prime factors of 433?
433
List the prime factors of 46913.
43, 1091
List the prime factors of 4333.
7, 619
What are the prime factors of 42265?
5, 79, 107
What are the prime factors of 2802?
2, 3, 467
List the prime factors of 2933.
7, 419
List the prime factors of 285.
3, 5, 19
List the prime factors of 22491.
3, 7, 17
What are the prime factors of 100959?
3, 73, 461
List the prime factors of 460.
2, 5, 23
What are the prime factors of 459?
3, 17
What are the prime factors of 1961?
37, 53
List the prime factors of 8168.
2, 1021
List the prime factors of 83471.
83471
What are the prime factors of 3877?
3877
List the prime factors of 3588.
2, 3, 13, 23
What are the prime factors of 112799?
112799
List the prime factors of 6401.
37, 173
List the prime factors of 8097.
3, 2699
What are the prime factors of 1647?
3, 61
List the prime factors of 17004.
2, 3, 13, 109
List the prime factors of 51004.
2, 41, 311
What are the prime factors of 11068?
2, 2767
List the prime factors of 567.
3, 7
List the prime factors of 100348.
2, 25087
List the prime factors of 3961.
17, 233
List the prime factors of 46278.
2, 3, 857
List the prime factors of 835.
5, 167
List the prime factors of 16883.
16883
List the prime factors of 185.
5, 37
List the prime factors of 283.
283
List the prime factors of 181.
181
List the prime factors of 143.
11, 13
What are the prime factors of 34069?
7, 31, 157
List the prime factors of 25736.
2, 3217
List the prime factors of 2883.
3, 31
What are the prime factors of 26369?
7, 3767
What are the prime factors of 609?
3, 7, 29
What are the prime factors of 16641?
3, 43
List the prime factors of 29154.
2, 3, 43, 113
List the prime factors of 24956.
2, 17, 367
List the prime factors of 35674.
2, 17837
What are the prime factors of 93798?
2, 3, 193
What are the prime factors of 725?
5, 29
List the prime factors of 8219.
8219
What are the prime factors of 4266?
2, 3, 79
What are the prime factors of 12331?
11, 19, 59
What are the prime factors of 76196?
2, 43, 443
List the prime factors of 3943.
3943
What are the prime factors of 510?
2, 3, 5, 17
What are the prime factors of 1665?
3, 5, 37
What are the prime factors of 2768?
2, 173
List the prime factors of 567.
3, 7
List the prime factors of 28170.
2, 3, 5, 313
List the prime factors of 101192.
2, 7, 13, 139
What are the prime factors of 417?
3, 139
List the prime factors of 41680.
2, 5, 521
What are the prime factors of 74272?
2, 11, 211
What are the prime factors of 1914?
2, 3, 11, 29
What are the prime factors of 21397?
21397
List the prime factors of 17165.
5, 3433
List the prime factors of 322.
2, 7, 23
What are the prime factors of 13088?
2, 409
List the prime factors of 2053.
2053
List the prime factors of 17224.
2, 2153
What are the prime factors of 10714?
2, 11, 487
List the prime factors of 2030.
2, 5, 7, 29
What are the prime factors of 1539?
3, 19
List the prime factors of 2161.
2161
What are the prime factors of 2460?
2, 3, 5, 41
What are the prime factors of 50765?
5, 11, 13, 71
List the prime factors of 5135.
5, 13, 79
What are the prime factors of 14802?
2, 3, 2467
List the prime factors of 2652.
2, 3, 13, 17
What are the prime factors of 46982?
2, 13, 139
List the prime factors of 1041.
3, 347
List the prime factors of 4064.
2, 127
List the prime factors of 13229.
13229
What are the prime factors of 894?
2, 3, 149
List the prime factors of 326.
2, 163
List the prime factors of 1007.
19, 53
List the prime factors of 34293.
3, 7, 23, 71
List the prime factors of 1393.
7, 199
List the prime factors of 1815.
3, 5, 11
What are the prime factors of 1046?
2, 523
What are the prime factors of 11951?
17, 19, 37
What are the prime factors of 81550?
2, 5, 7, 233
What are the prime factors of 85422?
2, 3, 23, 619
What are the prime factors of 52750?
2, 5, 211
List the prime factors of 92448.
2, 3, 107
List the prime factors of 693.
3, 7, 11
What are the prime factors of 7364?
2, 7, 263
List the prime factors of 2076.
2, 3, 173
What are the prime factors of 816?
2, 3, 17
What are the prime factors of 17270?
2, 5, 11, 157
What are the prime factors of 14790?
2, 3, 5, 17, 29
List the prime factors of 151274.
2, 43, 1759
List the prime factors of 88987.
23, 53, 73
List the prime factors of 99244.
2, 43, 577
List the prime factors of 10508.
2, 37, 71
List the prime factors of 4484.
2, 19, 59
List the prime factors of 65927.
65927
List the prime factors of 45187.
73, 619
What are the prime factors of 376?
2, 47
What are the prime factors of 19459?
11, 29, 61
What are the prime factors of 4150?
2, 5, 83
What are the prime factors of 71946?
2, 3, 7, 571
What are the prime factors of 2558?
2, 1279
What are the prime factors of 37136?
2, 11, 211
What are the prime factors of 15478?
2, 71, 109
List the prime factors of 9732.
2, 3, 811
List the prime factors of 252.
2, 3, 7
What are the prime factors of 5350?
2, 5, 107
What are the prime factors of 64780?
2, 5, 41, 79
List the prime factors of 159.
3, 53
List the prime factors of 3161.
29, 109
What are the prime factors of 1858?
2, 929
List the prime factors of 106162.
2, 7, 7583
List the prime factors of 3699.
3, 137
What are the prime factors of 4485?
3, 5, 13, 23
List the prime factors of 7369.
7369
What are the prime factors of 5330?
2, 5, 13, 41
List the prime factors of 2327.
13, 179
What are the prime factors of 40737?
3, 37, 367
List the prime factors of 19499.
17, 31, 37
List the prime factors of 19879.
103, 193
What are the prime factors of 2839?
17, 167
What are the prime factors of 99129?
3, 173, 191
List the prime factors of 1598.
2, 17, 47
List the prime factors of 8613.
3, 11, 29
What are the prime factors of 5056?
2, 79
List the prime factors of 2371.
2371
List the prime factors of 4582.
2, 29, 79
What are the prime factors of 3324?
2, 3, 277
List the prime factors of 36662.
2, 23, 797
What are the prime factors of 32387?
139, 233
What are the prime factors of 8200?
2, 5, 41
What are the prime factors of 18617?
18617
List the prime factors of 371.
7, 53
What are the prime factors of 1236?
2, 3, 103
What are the prime factors of 82056?
2, 3, 13, 263
What are the prime factors of 6580?
2, 5, 7, 47
List the prime factors of 2900.
2, 5, 29
List the prime factors of 6922.
2, 3461
List the prime factors of 20572.
2, 37, 139
List the prime factors of 11862.
2, 3, 659
What are the prime factors of 4424?
2, 7, 79
List the prime factors of 9368.
2, 1171
What are the prime factors of 513?
3, 19
List the prime factors of 2937.
3, 11, 89
What are the prime factors of 14967?
3, 1663
What are the prime factors of 1976?
2, 13, 19
List the prime factors of 6557.
79, 83
What are the prime factors of 620?
2, 5, 31
List the prime factors of 38759.
7, 113
What are the prime factors of 22680?
2, 3, 